{"id":281,"date":"2026-02-23T11:16:14","date_gmt":"2026-02-23T10:16:14","guid":{"rendered":"https:\/\/staging.larkom.dk\/?page_id=281"},"modified":"2026-02-23T12:33:03","modified_gmt":"2026-02-23T11:33:03","slug":"bygge-og-kontraktstyring","status":"publish","type":"page","link":"https:\/\/staging.larkom.dk\/index.php\/bygge-og-kontraktstyring\/","title":{"rendered":"Bygge- og kontraktstyring\u200b"},"content":{"rendered":"\t\t<div data-elementor-type=\"wp-page\" data-elementor-id=\"281\" class=\"elementor elementor-281\" data-elementor-post-type=\"page\">\n\t\t\t\t<div class=\"elementor-element elementor-element-36d05e63 e-flex e-con-boxed e-con e-parent\" data-id=\"36d05e63\" data-element_type=\"container\" data-e-type=\"container\">\n\t\t\t\t\t<div class=\"e-con-inner\">\n\t\t\t\t<div class=\"elementor-element elementor-element-43c8f7eb elementor-widget elementor-widget-heading\" data-id=\"43c8f7eb\" data-element_type=\"widget\" data-e-type=\"widget\" data-widget_type=\"heading.default\">\n\t\t\t\t\t<h1 class=\"elementor-heading-title elementor-size-default\">Bygge- og kontraktstyring\u200b<\/h1>\t\t\t\t<\/div>\n\t\t\t\t\t<\/div>\n\t\t\t\t<\/div>\n\t\t<div class=\"elementor-element elementor-element-50955c33 e-flex e-con-boxed e-con e-parent\" data-id=\"50955c33\" data-element_type=\"container\" data-e-type=\"container\">\n\t\t\t\t\t<div class=\"e-con-inner\">\n\t\t<div class=\"elementor-element elementor-element-193eca0 e-con-full e-flex e-con e-child\" data-id=\"193eca0\" data-element_type=\"container\" data-e-type=\"container\" data-settings=\"{&quot;background_background&quot;:&quot;classic&quot;}\">\n\t\t\t\t<div class=\"elementor-element elementor-element-371fbff7 elementor-widget elementor-widget-spacer\" data-id=\"371fbff7\" data-element_type=\"widget\" data-e-type=\"widget\" data-widget_type=\"spacer.default\">\n\t\t\t\t\t\t\t<div class=\"elementor-spacer\">\n\t\t\t<div class=\"elementor-spacer-inner\"><\/div>\n\t\t<\/div>\n\t\t\t\t\t\t<\/div>\n\t\t\t\t<\/div>\n\t\t\t\t\t<\/div>\n\t\t\t\t<\/div>\n\t\t<div class=\"elementor-element elementor-element-a3a21f e-flex e-con-boxed e-con e-parent\" data-id=\"a3a21f\" data-element_type=\"container\" data-e-type=\"container\">\n\t\t\t\t\t<div class=\"e-con-inner\">\n\t\t<div class=\"elementor-element elementor-element-651cfeee e-con-full e-flex e-con e-child\" data-id=\"651cfeee\" data-element_type=\"container\" data-e-type=\"container\" data-settings=\"{&quot;background_background&quot;:&quot;classic&quot;}\">\n\t\t\t\t<div class=\"elementor-element elementor-element-53523d9d elementor-widget elementor-widget-image\" data-id=\"53523d9d\" data-element_type=\"widget\" data-e-type=\"widget\" data-widget_type=\"image.default\">\n\t\t\t\t\t\t\t\t\t\t\t\t\t\t\t<img fetchpriority=\"high\" decoding=\"async\" width=\"800\" height=\"679\" src=\"https:\/\/staging.larkom.dk\/wp-content\/uploads\/2026\/02\/byggestyring_2825.jpg\" class=\"attachment-large size-large wp-image-285\" alt=\"\" srcset=\"https:\/\/staging.larkom.dk\/wp-content\/uploads\/2026\/02\/byggestyring_2825.jpg 900w, https:\/\/staging.larkom.dk\/wp-content\/uploads\/2026\/02\/byggestyring_2825-300x255.jpg 300w, https:\/\/staging.larkom.dk\/wp-content\/uploads\/2026\/02\/byggestyring_2825-768x652.jpg 768w\" sizes=\"(max-width: 800px) 100vw, 800px\" \/>\t\t\t\t\t\t\t\t\t\t\t\t\t\t\t<\/div>\n\t\t\t\t<\/div>\n\t\t<div class=\"elementor-element elementor-element-1b049aac e-con-full e-flex e-con e-child\" data-id=\"1b049aac\" data-element_type=\"container\" data-e-type=\"container\">\n\t\t\t\t<div class=\"elementor-element elementor-element-7e0639c5 elementor-widget__width-initial elementor-widget elementor-widget-text-editor\" data-id=\"7e0639c5\" data-element_type=\"widget\" data-e-type=\"widget\" data-widget_type=\"text-editor.default\">\n\t\t\t\t\t\t\t\t\t<div class=\"column step-3-12\"><div class=\"column step-3-12\"><div id=\"site-container-8274\" class=\"Container ModuleElement Textarea AutoResizable con-93 \" data-snap=\"1\" data-containertype=\"Textarea\" data-moduleelement=\"6087\"><div class=\"Module-6087 Textarea\"><p>Vi tilbyder omfattende byggestyring og kontraktstyringstjenester baseret p\u00e5 vores 25 \u00e5rs erfaring. Vi kan tr\u00e6de til som vikar, tilsynsf\u00f8rende eller endda styre hele anl\u00e6gsprojekter.\u00a0<\/p><p>Vores ekspertise omfatter ogs\u00e5 ordentlig h\u00e5ndtering af underentrepren\u00f8rer, herunder korrekt udformning af kontrakter og overholdelse af AB 92-reglerne. Vi tilbyder ogs\u00e5 gennemgang af jeres tilbud og bistand med at forberede bud til bygherre. Vi sikrer n\u00f8jagtig styring og skaber st\u00f8rre tryghed for alle involverede parter.\u200b<\/p><p>L\u00e6s videre herunder om bygge- og kvalitetstyring.<\/p><\/div><\/div><\/div><\/div>\t\t\t\t\t\t\t\t<\/div>\n\t\t\t\t<div class=\"elementor-element elementor-element-b7c3473 elementor-widget elementor-widget-button\" data-id=\"b7c3473\" data-element_type=\"widget\" data-e-type=\"widget\" data-widget_type=\"button.default\">\n\t\t\t\t\t\t\t\t\t\t<a class=\"elementor-button elementor-button-link elementor-size-sm\" href=\"https:\/\/staging.larkom.dk\/index.php\/kontakt\/\">\n\t\t\t\t\t\t<span class=\"elementor-button-content-wrapper\">\n\t\t\t\t\t\t\t\t\t<span class=\"elementor-button-text\">Kontakt os<\/span>\n\t\t\t\t\t<\/span>\n\t\t\t\t\t<\/a>\n\t\t\t\t\t\t\t\t<\/div>\n\t\t\t\t<\/div>\n\t\t\t\t\t<\/div>\n\t\t\t\t<\/div>\n\t\t<div class=\"elementor-element elementor-element-fb26991 e-flex e-con-boxed e-con e-parent\" data-id=\"fb26991\" data-element_type=\"container\" data-e-type=\"container\">\n\t\t\t\t\t<div class=\"e-con-inner\">\n\t\t\t\t<div class=\"elementor-element elementor-element-fdeb2d8 elementor-widget elementor-widget-heading\" data-id=\"fdeb2d8\" data-element_type=\"widget\" data-e-type=\"widget\" data-widget_type=\"heading.default\">\n\t\t\t\t\t<h4 class=\"elementor-heading-title elementor-size-default\">Byggestyring<\/h4>\t\t\t\t<\/div>\n\t\t\t\t<div class=\"elementor-element elementor-element-9b94083 elementor-widget__width-initial elementor-widget elementor-widget-text-editor\" data-id=\"9b94083\" data-element_type=\"widget\" data-e-type=\"widget\" data-widget_type=\"text-editor.default\">\n\t\t\t\t\t\t\t\t\t<div class=\"column step-3-12\"><div class=\"column step-3-12\"><div id=\"site-container-8274\" class=\"Container ModuleElement Textarea AutoResizable con-93 \" data-snap=\"1\" data-containertype=\"Textarea\" data-moduleelement=\"6087\"><div class=\"Module-6087 Textarea\"><div class=\"column step-3-12\"><div id=\"site-container-8298\" class=\"Container Placeholder con-59 \" data-snap=\"1\"><div class=\"row\"><div class=\"column step-3-12 step-2-6\"><div id=\"site-container-8294\" class=\"Container Placeholder con-122 custom23\" data-snap=\"1\" data-style-id=\"23\"><div class=\"row\"><div class=\"column step-3-12\"><div id=\"site-container-8295\" class=\"Container ModuleElement Textarea con-123 \" data-snap=\"1\" data-containertype=\"Textarea\" data-moduleelement=\"6100\"><div class=\"Module-6100 Textarea\"><p><strong>Hober projekterne sig op? Vi kan tr\u00e6de til med 25 \u00e5rs erfaring indenfor byggestyring.<\/strong><\/p><p>\u200bEthvert anl\u00e6gsprojekt har brug for styring, men det er ikke altid at bygherre\/r\u00e5dgiver har de forn\u00f8dne ressourcer til at styre opgaverne sikkert i m\u00e5l.<\/p><p>Her kan Top Kompany ApSs eksperter tr\u00e6de til med \u00e5rtiers erfaring fra nogle af landets mest markante park- og anl\u00e6gsprojekter. Vi har drevet utallige entrepriser sikkert i m\u00e5l og kender dagligdagen p\u00e5 byggepladsen.<\/p><\/div><\/div><\/div><\/div><\/div><\/div><div class=\"column step-3-12 step-2-6\"><div id=\"site-container-8291\" class=\"Container Placeholder con-64 \" data-snap=\"1\"><div class=\"row\"><div class=\"column step-3-12\"><div id=\"site-container-8297\" class=\"Container ModuleElement Textarea con-124 custom24\" data-snap=\"1\" data-style-id=\"24\" data-containertype=\"Textarea\" data-moduleelement=\"6101\"><div class=\"Module-6101 Textarea\"><p>Uanset om i har brug for en vikar til at klare et par byggem\u00f8der, mangler en tilsynsf\u00f8rende, eller har brug for at f\u00e5 styret en fuld sag igennem et anl\u00e6gsforl\u00f8b fra start til slut, er Top Kompany ApS klar til at tr\u00e6de til, og i samme moment kan vi \u2013 hvis dette \u00f8nskes \u2013 stille med vores eget ipad-baserede kvalitetssikringssystem.<\/p><p>Kort sagt &#8211; Top Kompany ApS er klar til at opstarte eller overtage jeres byggesager.<\/p><\/div><\/div><\/div><\/div><\/div><\/div><\/div><\/div><\/div><\/div><\/div><\/div><\/div>\t\t\t\t\t\t\t\t<\/div>\n\t\t\t\t<div class=\"elementor-element elementor-element-1364942 elementor-widget elementor-widget-button\" data-id=\"1364942\" data-element_type=\"widget\" data-e-type=\"widget\" data-widget_type=\"button.default\">\n\t\t\t\t\t\t\t\t\t\t<a class=\"elementor-button elementor-button-link elementor-size-sm\" href=\"https:\/\/staging.larkom.dk\/index.php\/kontakt\/\">\n\t\t\t\t\t\t<span class=\"elementor-button-content-wrapper\">\n\t\t\t\t\t\t\t\t\t<span class=\"elementor-button-text\">Kontakt os<\/span>\n\t\t\t\t\t<\/span>\n\t\t\t\t\t<\/a>\n\t\t\t\t\t\t\t\t<\/div>\n\t\t\t\t\t<\/div>\n\t\t\t\t<\/div>\n\t\t<div class=\"elementor-element elementor-element-01ae48e e-con-full e-flex e-con e-parent\" data-id=\"01ae48e\" data-element_type=\"container\" data-e-type=\"container\" data-settings=\"{&quot;background_background&quot;:&quot;classic&quot;}\">\n\t\t<div class=\"elementor-element elementor-element-e79b5e2 e-flex e-con-boxed e-con e-child\" data-id=\"e79b5e2\" data-element_type=\"container\" data-e-type=\"container\">\n\t\t\t\t\t<div class=\"e-con-inner\">\n\t\t\t\t<div class=\"elementor-element elementor-element-2f8b632 elementor-widget elementor-widget-image\" data-id=\"2f8b632\" data-element_type=\"widget\" data-e-type=\"widget\" data-widget_type=\"image.default\">\n\t\t\t\t\t\t\t\t\t\t\t\t\t\t\t<img decoding=\"async\" width=\"1920\" height=\"600\" src=\"https:\/\/staging.larkom.dk\/wp-content\/uploads\/2026\/02\/kontrakt_2855.jpg\" class=\"attachment-full size-full wp-image-317\" alt=\"\" srcset=\"https:\/\/staging.larkom.dk\/wp-content\/uploads\/2026\/02\/kontrakt_2855.jpg 1920w, https:\/\/staging.larkom.dk\/wp-content\/uploads\/2026\/02\/kontrakt_2855-300x94.jpg 300w, https:\/\/staging.larkom.dk\/wp-content\/uploads\/2026\/02\/kontrakt_2855-1024x320.jpg 1024w, https:\/\/staging.larkom.dk\/wp-content\/uploads\/2026\/02\/kontrakt_2855-768x240.jpg 768w, https:\/\/staging.larkom.dk\/wp-content\/uploads\/2026\/02\/kontrakt_2855-1536x480.jpg 1536w\" sizes=\"(max-width: 1920px) 100vw, 1920px\" \/>\t\t\t\t\t\t\t\t\t\t\t\t\t\t\t<\/div>\n\t\t<div class=\"elementor-element elementor-element-6a7250c e-grid e-con-full e-con e-child\" data-id=\"6a7250c\" data-element_type=\"container\" data-e-type=\"container\">\n\t\t<div class=\"elementor-element elementor-element-38efbc5 e-con-full e-flex e-con e-child\" data-id=\"38efbc5\" data-element_type=\"container\" data-e-type=\"container\">\n\t\t\t\t<div class=\"elementor-element elementor-element-8293c0a elementor-widget elementor-widget-heading\" data-id=\"8293c0a\" data-element_type=\"widget\" data-e-type=\"widget\" data-widget_type=\"heading.default\">\n\t\t\t\t\t<h4 class=\"elementor-heading-title elementor-size-default\">Kontaktstyring\u200b<\/h4>\t\t\t\t<\/div>\n\t\t\t\t<div class=\"elementor-element elementor-element-84e16e3 elementor-widget__width-initial elementor-widget elementor-widget-text-editor\" data-id=\"84e16e3\" data-element_type=\"widget\" data-e-type=\"widget\" data-widget_type=\"text-editor.default\">\n\t\t\t\t\t\t\t\t\t<div class=\"column step-3-12\"><div class=\"column step-3-12\"><div id=\"site-container-8274\" class=\"Container ModuleElement Textarea AutoResizable con-93 \" data-snap=\"1\" data-containertype=\"Textarea\" data-moduleelement=\"6087\"><div class=\"Module-6087 Textarea\"><div class=\"column step-3-12\"><div id=\"site-container-8298\" class=\"Container Placeholder con-59 \" data-snap=\"1\"><div class=\"row\"><p><strong>Ingen er bedre end sin v\u00e6rste underentrepren\u00f8r &#8211; f\u00e5 styr p\u00e5 tropperne.<\/strong><\/p><p>Enhver entrepren\u00f8rvirksomhed bruger underentrepren\u00f8rer. Men overraskende f\u00e5 entrepren\u00f8rvirksomheder har ordentligt styr p\u00e5 sine underentrepren\u00f8rer.<\/p><p>LARKOM kan hj\u00e6lpe med at sikre, at i b\u00e5de juridisk og organisatorisk har de rigtige redskaber til at holde styr p\u00e5 de virksomheder, som udf\u00f8rer arbejde for jer.\u200b<\/p><\/div><\/div><\/div><\/div><\/div><\/div><\/div>\t\t\t\t\t\t\t\t<\/div>\n\t\t\t\t<div class=\"elementor-element elementor-element-c54800e elementor-widget elementor-widget-heading\" data-id=\"c54800e\" data-element_type=\"widget\" data-e-type=\"widget\" data-widget_type=\"heading.default\">\n\t\t\t\t\t<h4 class=\"elementor-heading-title elementor-size-default\">Underentrepren\u00f8rer<\/h4>\t\t\t\t<\/div>\n\t\t\t\t<div class=\"elementor-element elementor-element-2b11571 elementor-widget__width-initial elementor-widget elementor-widget-text-editor\" data-id=\"2b11571\" data-element_type=\"widget\" data-e-type=\"widget\" data-widget_type=\"text-editor.default\">\n\t\t\t\t\t\t\t\t\t<div class=\"column step-3-12\"><div class=\"column step-3-12\"><div id=\"site-container-8274\" class=\"Container ModuleElement Textarea AutoResizable con-93 \" data-snap=\"1\" data-containertype=\"Textarea\" data-moduleelement=\"6087\"><div class=\"Module-6087 Textarea\"><div class=\"column step-3-12\"><div id=\"site-container-8298\" class=\"Container Placeholder con-59 \" data-snap=\"1\"><div class=\"row\"><p>Ved brug af underentrepren\u00f8rer er det vigtigt, at alle kontrakter, der bliver indg\u00e5et, bliver udf\u00e6rdiget korrekt. Det kan betyde tvistigheder og ekstraregninger, hvis ikke hele aftalegrundlaget er lagt og underskrevet af underentrepren\u00f8rerne.\u200b<\/p><p>LARKOM kan hj\u00e6lpe med at s\u00f8rge for, at kontrakterne bliver udf\u00e6rdiget efter lovgivningen s\u00e5ledes, at det minimerer uklarheder og skaber st\u00f8rre tryghed for alle parter. Der er mange regler som er vigtigt for at arbejde med underentrepren\u00f8rer, og det er en vigtig men ofte overset opgave for hovedentrepren\u00f8rer at s\u00e6tte sine underentrepren\u00f8rer ind i de politikker, som man har lagt til grund for sit arbejde med at drive virksomhed med hj\u00e6lp af underentrepren\u00f8rer.<\/p><\/div><\/div><\/div><\/div><\/div><\/div><\/div>\t\t\t\t\t\t\t\t<\/div>\n\t\t\t\t<div class=\"elementor-element elementor-element-d7a879d elementor-widget elementor-widget-button\" data-id=\"d7a879d\" data-element_type=\"widget\" data-e-type=\"widget\" data-widget_type=\"button.default\">\n\t\t\t\t\t\t\t\t\t\t<a class=\"elementor-button elementor-button-link elementor-size-sm\" href=\"https:\/\/staging.larkom.dk\/index.php\/kontakt\/\">\n\t\t\t\t\t\t<span class=\"elementor-button-content-wrapper\">\n\t\t\t\t\t\t\t\t\t<span class=\"elementor-button-text\">Kontakt os<\/span>\n\t\t\t\t\t<\/span>\n\t\t\t\t\t<\/a>\n\t\t\t\t\t\t\t\t<\/div>\n\t\t\t\t<\/div>\n\t\t<div class=\"elementor-element elementor-element-892c916 e-con-full e-flex e-con e-child\" data-id=\"892c916\" data-element_type=\"container\" data-e-type=\"container\">\n\t\t\t\t<div class=\"elementor-element elementor-element-089cb17 elementor-widget elementor-widget-heading\" data-id=\"089cb17\" data-element_type=\"widget\" data-e-type=\"widget\" data-widget_type=\"heading.default\">\n\t\t\t\t\t<h4 class=\"elementor-heading-title elementor-size-default\">Ab 92<\/h4>\t\t\t\t<\/div>\n\t\t\t\t<div class=\"elementor-element elementor-element-4a24487 elementor-widget__width-initial elementor-widget elementor-widget-text-editor\" data-id=\"4a24487\" data-element_type=\"widget\" data-e-type=\"widget\" data-widget_type=\"text-editor.default\">\n\t\t\t\t\t\t\t\t\t<div class=\"column step-3-12\"><div class=\"column step-3-12\"><div id=\"site-container-8274\" class=\"Container ModuleElement Textarea AutoResizable con-93 \" data-snap=\"1\" data-containertype=\"Textarea\" data-moduleelement=\"6087\"><div class=\"Module-6087 Textarea\"><div class=\"column step-3-12\"><div id=\"site-container-8298\" class=\"Container Placeholder con-59 \" data-snap=\"1\"><div class=\"row\"><p>Ab 92 er et n\u00f8gleomr\u00e5de i h\u00e5ndteringen af underentrepren\u00f8rer, og is\u00e6r n\u00e5r man taler om offentlige udbud, er kontraktstyring og ab 92 er en meget vigtig detalje, som ikke alle virksomheder giver den rette opm\u00e6rksomhed.<\/p><p>Men virksomheden b\u00f8r v\u00e6re fuldst\u00e6ndigt klar over, hvilket krav der bliver stillet til og hvilke paragraffer man arbejder under. Man skal dermed vide, hvilke konsekvenser misvedligeholdelse af kontrakten kan have. Samtidig kan et overblik over krav og paragraffer dog ogs\u00e5 medf\u00f8rer, at man opdager, at det m\u00e5ske ikke er n\u00f8dvendigt at v\u00e6re nerv\u00f8s for at hoppe ud i et st\u00f8rre udbud.<\/p><p>LARKOM har til dette udviklet en specialtilrettet version af ab 92, som sm\u00e5- og mellemstore entrepren\u00f8rvirksomheder med fordel kan st\u00f8tte sig til.<\/p><p>LARKOM hj\u00e6lper desuden gerne med at gennemg\u00e5 de tilbud, som i p\u00e5t\u00e6nker at byde p\u00e5, for at sikre den rigtige forberedelse \u2013 b\u00e5de i jeres virksomhed og hos de kommende underentrepren\u00f8rer. Det er en stor fordel med erfarne kr\u00e6fter p\u00e5 sidelinjen, som kan udf\u00f8re en ks inden en afsending af bud til bygherre.<\/p><\/div><\/div><\/div><\/div><\/div><\/div><\/div>\t\t\t\t\t\t\t\t<\/div>\n\t\t\t\t<\/div>\n\t\t\t\t<\/div>\n\t\t\t\t\t<\/div>\n\t\t\t\t<\/div>\n\t\t\t\t<\/div>\n\t\t\t\t<\/div>\n\t\t","protected":false},"excerpt":{"rendered":"<p>Bygge- og kontraktstyring\u200b Vi tilbyder omfattende byggestyring og kontraktstyringstjenester baseret p\u00e5 vores 25 \u00e5rs erfaring. Vi kan tr\u00e6de til som vikar, tilsynsf\u00f8rende eller endda styre hele anl\u00e6gsprojekter.\u00a0 Vores ekspertise omfatter ogs\u00e5 ordentlig h\u00e5ndtering af underentrepren\u00f8rer, herunder korrekt udformning af kontrakter og overholdelse af AB 92-reglerne. Vi tilbyder ogs\u00e5 gennemgang af jeres tilbud og bistand med [&hellip;]<\/p>\n","protected":false},"author":2,"featured_media":0,"parent":0,"menu_order":0,"comment_status":"closed","ping_status":"closed","template":"elementor_header_footer","meta":{"footnotes":""},"class_list":["post-281","page","type-page","status-publish","hentry"],"_links":{"self":[{"href":"https:\/\/staging.larkom.dk\/index.php\/wp-json\/wp\/v2\/pages\/281","targetHints":{"allow":["GET"]}}],"collection":[{"href":"https:\/\/staging.larkom.dk\/index.php\/wp-json\/wp\/v2\/pages"}],"about":[{"href":"https:\/\/staging.larkom.dk\/index.php\/wp-json\/wp\/v2\/types\/page"}],"author":[{"embeddable":true,"href":"https:\/\/staging.larkom.dk\/index.php\/wp-json\/wp\/v2\/users\/2"}],"replies":[{"embeddable":true,"href":"https:\/\/staging.larkom.dk\/index.php\/wp-json\/wp\/v2\/comments?post=281"}],"version-history":[{"count":16,"href":"https:\/\/staging.larkom.dk\/index.php\/wp-json\/wp\/v2\/pages\/281\/revisions"}],"predecessor-version":[{"id":323,"href":"https:\/\/staging.larkom.dk\/index.php\/wp-json\/wp\/v2\/pages\/281\/revisions\/323"}],"wp:attachment":[{"href":"https:\/\/staging.larkom.dk\/index.php\/wp-json\/wp\/v2\/media?parent=281"}],"curies":[{"name":"wp","href":"https:\/\/api.w.org\/{rel}","templated":true}]}}